{"id":9484,"date":"2022-11-11T18:38:48","date_gmt":"2022-11-11T18:38:48","guid":{"rendered":"https:\/\/clinicacemeq.es\/dental\/?page_id=9484"},"modified":"2024-06-03T11:58:01","modified_gmt":"2024-06-03T11:58:01","slug":"bruxismo","status":"publish","type":"page","link":"https:\/\/clinicacemeq.es\/dental\/bruxismo\/","title":{"rendered":"Bruxismo"},"content":{"rendered":"\t<section class=\"section\" id=\"section_1661206551\">\n\t\t<div class=\"bg section-bg fill bg-fill  bg-loaded\" >\n\n\t\t\t\n\t\t\t\n\t\t\t\n\n\t\t<\/div>\n\n\t\t\n\n\t\t<div class=\"section-content relative\">\n\t\t\t\n<div class=\"row row-collapse row-full-width\"  id=\"row-60493364\">\n\n\t<div id=\"col-1635670033\" class=\"col small-12 large-12\"  >\n\t\t\t\t<div class=\"col-inner text-left\"  >\n\t\t\t\n\t\t\t\n\n  <div class=\"banner has-hover\" id=\"banner-653901679\">\n          <div class=\"banner-inner fill\">\n        <div class=\"banner-bg fill\" >\n            <div class=\"bg fill bg-fill \"><\/div>\n                        <div class=\"overlay\"><\/div>            \n                    <\/div>\n\t\t\n        <div class=\"banner-layers container\">\n            <div class=\"fill banner-link\"><\/div>            \n   <div id=\"text-box-1494282688\" class=\"text-box banner-layer x5 md-x5 lg-x5 y10 md-y50 lg-y50 res-text\">\n                                <div class=\"text-box-content text dark\">\n              \n              <div class=\"text-inner text-left\">\n                  \n\t<div id=\"text-2170785969\" class=\"text\">\n\t\t\n<h1 class=\"alt-font\">Bruxismo<\/h1>\n\t\t\n<style>\n#text-2170785969 {\n  font-size: 0.75rem;\n  line-height: 1.65;\n  text-align: left;\n  color: rgb(0,0,0);\n}\n#text-2170785969 > * {\n  color: rgb(0,0,0);\n}\n@media (min-width:550px) {\n  #text-2170785969 {\n    font-size: 1.5rem;\n  }\n}\n@media (min-width:850px) {\n  #text-2170785969 {\n    font-size: 1.5rem;\n  }\n}\n<\/style>\n\t<\/div>\n\t\n\t<div id=\"text-1162685301\" class=\"text\">\n\t\t\n<h3>Evita el desgaste o fracturaci\u00f3n de tus piezas dentales ocasionado por el bruxismo.<\/h3>\n\t\t\n<style>\n#text-1162685301 {\n  font-size: 0.75rem;\n  color: rgb(0, 0, 0);\n}\n#text-1162685301 > * {\n  color: rgb(0, 0, 0);\n}\n@media (min-width:550px) {\n  #text-1162685301 {\n    font-size: 1rem;\n  }\n}\n<\/style>\n\t<\/div>\n\t\n<a href=\"#cita\" target=\"_self\" class=\"button secondary is-larger box-shadow-1\"  style=\"border-radius:99px;\">\n    <span>Pide tu cita<\/span>\n  <i class=\"icon-angle-right\" ><\/i><\/a>\n\n              <\/div>\n           <\/div>\n                            \n<style>\n#text-box-1494282688 {\n  width: 62%;\n}\n#text-box-1494282688 .text-box-content {\n  font-size: 100%;\n}\n@media (min-width:550px) {\n  #text-box-1494282688 {\n    width: 54%;\n  }\n}\n@media (min-width:850px) {\n  #text-box-1494282688 {\n    width: 51%;\n  }\n}\n<\/style>\n    <\/div>\n \n        <\/div>\n      <\/div>\n\n            \n<style>\n#banner-653901679 {\n  padding-top: 330px;\n}\n#banner-653901679 .bg.bg-loaded {\n  background-image: url(https:\/\/clinicacemeq.es\/dental\/wp-content\/uploads\/2021\/08\/slider43.jpg);\n}\n#banner-653901679 .overlay {\n  background-color: rgba(255, 255, 255, 0.099);\n}\n#banner-653901679 .bg {\n  background-position: 44% 43%;\n}\n#banner-653901679 .ux-shape-divider--top svg {\n  height: 150px;\n  --divider-top-width: 100%;\n}\n#banner-653901679 .ux-shape-divider--bottom svg {\n  height: 150px;\n  --divider-width: 100%;\n}\n@media (min-width:550px) {\n  #banner-653901679 {\n    padding-top: 500px;\n  }\n}\n@media (min-width:850px) {\n  #banner-653901679 {\n    padding-top: 550px;\n  }\n}\n<\/style>\n  <\/div>\n\n\n\t\t<\/div>\n\t\t\t\t\t<\/div>\n\n\t\n<\/div>\n\t\t<\/div>\n\n\t\t\n<style>\n#section_1661206551 {\n  padding-top: 0px;\n  padding-bottom: 0px;\n}\n#section_1661206551 .ux-shape-divider--top svg {\n  height: 150px;\n  --divider-top-width: 100%;\n}\n#section_1661206551 .ux-shape-divider--bottom svg {\n  height: 150px;\n  --divider-width: 100%;\n}\n<\/style>\n\t<\/section>\n\t\n\t<section class=\"section\" id=\"section_1954108636\">\n\t\t<div class=\"bg section-bg fill bg-fill  bg-loaded\" >\n\n\t\t\t\n\t\t\t\n\t\t\t\n\n\t\t<\/div>\n\n\t\t\n\n\t\t<div class=\"section-content relative\">\n\t\t\t\n<div class=\"row row-small align-equal\" style=\"max-width:96%\" id=\"row-2018680326\">\n\n\t<div id=\"col-508275706\" class=\"col medium-6 small-12 large-6\"  >\n\t\t\t\t<div class=\"col-inner\"  >\n\t\t\t\n\t\t\t\n\n  <div class=\"banner has-hover\" id=\"banner-955273423\">\n          <div class=\"banner-inner fill\">\n        <div class=\"banner-bg fill\" >\n            <div class=\"bg fill bg-fill \"><\/div>\n                                    \n                    <\/div>\n\t\t\n        <div class=\"banner-layers container\">\n            <div class=\"fill banner-link\"><\/div>            \n        <\/div>\n      <\/div>\n\n            \n<style>\n#banner-955273423 {\n  padding-top: 99.99%;\n}\n#banner-955273423 .bg.bg-loaded {\n  background-image: url(https:\/\/clinicacemeq.es\/dental\/wp-content\/uploads\/2021\/07\/Fotos-cemeq-4-4.jpg);\n}\n#banner-955273423 .bg {\n  background-position: 45% 35%;\n}\n#banner-955273423 .ux-shape-divider--top svg {\n  height: 150px;\n  --divider-top-width: 100%;\n}\n#banner-955273423 .ux-shape-divider--bottom svg {\n  height: 150px;\n  --divider-width: 100%;\n}\n@media (min-width:550px) {\n  #banner-955273423 {\n    padding-top: 400px;\n  }\n}\n@media (min-width:850px) {\n  #banner-955273423 {\n    padding-top: 390px;\n  }\n}\n<\/style>\n  <\/div>\n\n\n\t\t<\/div>\n\t\t\t\t\t<\/div>\n\n\t\n\n\t<div id=\"col-589833527\" class=\"col medium-6 small-12 large-6 small-col-first\"  >\n\t\t\t\t<div class=\"col-inner\" style=\"background-color:rgb(243, 243, 243);\" >\n\t\t\t\n\t<div class=\"is-border\"\n\t\tstyle=\"border-color:rgb(180, 180, 180);border-width:2px 2px 2px 2;\">\n\t<\/div>\n\t\t\t\n\t<div id=\"gap-1413626640\" class=\"gap-element clearfix\" style=\"display:block; height:auto;\">\n\t\t\n<style>\n#gap-1413626640 {\n  padding-top: 15px;\n}\n@media (min-width:850px) {\n  #gap-1413626640 {\n    padding-top: 40px;\n  }\n}\n<\/style>\n\t<\/div>\n\t\n\t<div id=\"text-1730029677\" class=\"text\">\n\t\t\n<h2>En pocas palabras&#8230;<\/h2>\n<ul>\n<li><strong>Especialidad:<\/strong> Odontolog\u00eda conservadora<\/li>\n<li><strong>Tipos de tratamiento:<\/strong> F\u00e9rula de descarga o pr\u00f3tesis dentales<\/li>\n<li><strong>Tiempo de efecto:<\/strong> Inmediato<\/li>\n<li><strong>Tiempo de resultados:<\/strong> Duraderos<\/li>\n<\/ul>\n\t\t\n<style>\n#text-1730029677 {\n  font-size: 1rem;\n}\n<\/style>\n\t<\/div>\n\t\n<a href=\"\/contacto\/\" target=\"_self\" class=\"button primary is-underline\"  >\n    <span>M\u00e1s informaci\u00f3n<\/span>\n  <\/a>\n\n\t\t<\/div>\n\t\t\t\t\n<style>\n#col-589833527 > .col-inner {\n  padding: 0px 5px 0px 5px;\n}\n@media (min-width:550px) {\n  #col-589833527 > .col-inner {\n    padding: 0px 5px 0px 5px;\n  }\n}\n@media (min-width:850px) {\n  #col-589833527 > .col-inner {\n    padding: 0px 0px 0px 8%;\n  }\n}\n<\/style>\n\t<\/div>\n\n\t\n<\/div>\n\t\t<\/div>\n\n\t\t\n<style>\n#section_1954108636 {\n  padding-top: 30px;\n  padding-bottom: 30px;\n}\n#section_1954108636 .ux-shape-divider--top svg {\n  height: 150px;\n  --divider-top-width: 100%;\n}\n#section_1954108636 .ux-shape-divider--bottom svg {\n  height: 150px;\n  --divider-width: 100%;\n}\n<\/style>\n\t<\/section>\n\t\n\t<section class=\"section\" id=\"section_781250791\">\n\t\t<div class=\"bg section-bg fill bg-fill  bg-loaded\" >\n\n\t\t\t\n\t\t\t\n\t\t\t\n\n\t\t<\/div>\n\n\t\t\n\n\t\t<div class=\"section-content relative\">\n\t\t\t\n<div class=\"row\" style=\"max-width:92%\" id=\"row-797535483\">\n\n\t<div id=\"col-765136782\" class=\"col medium-7 small-12 large-7 col-divided\"  >\n\t\t\t\t<div class=\"col-inner\"  >\n\t\t\t\n\t\t\t\n<h3 class=\"accordion_title\">Dudas frecuentes sobre el Bruxismo<\/h3><div class=\"accordion\" rel=\"\">\n<div class=\"accordion-item\"><a href=\"#\" class=\"accordion-title plain\"><button class=\"toggle\" aria-label=\"Toggle\"><i class=\"icon-angle-down\"><\/i><\/button><span>\u00bfQu\u00e9 es?<\/span><\/a><div class=\"accordion-inner\">\n\t<div id=\"text-2749127489\" class=\"text\">\n\t\t\n<p>El bruxismo se produce por la contracci\u00f3n involuntaria, generalmente durante el sue\u00f1o, de los m\u00fasculos de la mand\u00edbula, rechinando los dientes entre s\u00ed. Las consecuencias m\u00e1s inmediatas son el desgaste dental y la posibilidad de sufrir problemas tanto en la musculatura como la articulaci\u00f3n temporomandibular, que pueden derivar en dolores en esas zonas, cefaleas, hipersensibilidad dental, insomnio, cambios en la mordida e incluso dolores cervicales.<br \/>\n\t\t\n<style>\n#text-2749127489 {\n  font-size: 1.1rem;\n}\n<\/style>\n\t<\/div>\n\t\n<\/div><\/div>\n<div class=\"accordion-item\"><a href=\"#\" class=\"accordion-title plain\"><button class=\"toggle\" aria-label=\"Toggle\"><i class=\"icon-angle-down\"><\/i><\/button><span>\u00bfC\u00f3mo funciona?<\/span><\/a><div class=\"accordion-inner\">\n\t<div id=\"text-2878007694\" class=\"text\">\n\t\t\n<p>Durante la primera consulta el paciente ser\u00e1 derivado a un especialista en ATM (articulaci\u00f3n temporomandibular) que realizar\u00e1 el diagn\u00f3stico y determinar\u00e1 el tratamiento adecuado en funci\u00f3n de su grado de bruxismo:<\/p>\n<p>En la mayor\u00eda de pacientes con bruxismo, especialmente en\u00a0 bruxismo nocturno, bastar\u00e1 con una f\u00e9rula de descarga, que tiene como objetivo no solo evitar el rechinamiento entre dientes sino tambi\u00e9n relajar la musculatura y la articulaci\u00f3n temporomandibular.<\/p>\n<p>En los casos de bruxismo m\u00e1s avanzado con un desgaste dental excesivo ser\u00e1 necesaria una rehabilitaci\u00f3n prot\u00e9sica. Esta medida no es \u00fanicamente est\u00e9tica sino tambi\u00e9n funcional, pues permite recuperar la dimensi\u00f3n vertical de los dientes y con ello recuperar la posici\u00f3n articular id\u00f3nea en la mand\u00edbula.<br \/>\n\t\t\n<style>\n#text-2878007694 {\n  font-size: 1.1rem;\n}\n<\/style>\n\t<\/div>\n\t\n<\/div><\/div>\n<div class=\"accordion-item\"><a href=\"#\" class=\"accordion-title plain\"><button class=\"toggle\" aria-label=\"Toggle\"><i class=\"icon-angle-down\"><\/i><\/button><span>Beneficios de tratar el bruxismo<\/span><\/a><div class=\"accordion-inner\">\n\t<div id=\"text-3226656892\" class=\"text\">\n\t\t\n<ul>\n<li>Eliminar\u00e1s el rechinamiento dental y el desgaste del esmalte<\/li>\n<li>Evitar\u00e1s dolores dentales, mandibulares, de cabeza o cervicales derivados del bruxismo<\/li>\n<li>Preservar\u00e1s a la articulaci\u00f3n temporomandibular de da\u00f1os a medio y largo plazo<\/li>\n<li>Con un tratamiento prot\u00e9sico, mejorar\u00e1s ostensiblemente la est\u00e9tica de tu sonrisa.<\/li>\n<\/ul>\n\t\t\n<style>\n#text-3226656892 {\n  font-size: 1.1rem;\n}\n<\/style>\n\t<\/div>\n\t\n<\/div><\/div>\n<div class=\"accordion-item\"><a href=\"#\" class=\"accordion-title plain\"><button class=\"toggle\" aria-label=\"Toggle\"><i class=\"icon-angle-down\"><\/i><\/button><span>\u00bfC\u00f3mo se si soy bruxista?<\/span><\/a><div class=\"accordion-inner\">\n\t<div id=\"text-3550727163\" class=\"text\">\n\t\t\n<p>Mediante el diagn\u00f3stico de un odont\u00f3logo, si bien algunos de sus s\u00edntomas, y muy especialmente un excesivo desgaste y la p\u00e9rdida de altura dental le pueden poner sobre aviso de cara a buscar la opini\u00f3n de un especialista.<br \/>\n\t\t\n<style>\n#text-3550727163 {\n  font-size: 1.1rem;\n}\n<\/style>\n\t<\/div>\n\t\n<\/div><\/div>\n<div class=\"accordion-item\"><a href=\"#\" class=\"accordion-title plain\"><button class=\"toggle\" aria-label=\"Toggle\"><i class=\"icon-angle-down\"><\/i><\/button><span>\u00bfEl bruxismo se cura?<\/span><\/a><div class=\"accordion-inner\">\n\t<div id=\"text-1396783508\" class=\"text\">\n\t\t\n<p>No. Dado que no existe una causa clara sobre su origen, es complicado que una persona bruxista deje de serlo. No obstante si se pueden adoptar determinadas medidas que pueden mejorarlo, como realizar dietas blandas, ejercicio f\u00edsico para favorecer un sue\u00f1o m\u00e1s reparador, aplicar calor en la zona una hora antes de acostarse, mantener una correcta higiene bucal, una rutina de sue\u00f1o y evitar la ingesta de sustancias estimulantes antes de dormir.<br \/>\n\t\t\n<style>\n#text-1396783508 {\n  font-size: 1.1rem;\n}\n<\/style>\n\t<\/div>\n\t\n<\/div><\/div>\n<div class=\"accordion-item\"><a href=\"#\" class=\"accordion-title plain\"><button class=\"toggle\" aria-label=\"Toggle\"><i class=\"icon-angle-down\"><\/i><\/button><span>\u00bfEn qu\u00e9 consiste la rehabilitaci\u00f3n oral por bruxismo?<\/span><\/a><div class=\"accordion-inner\">\n\t<div id=\"text-3448720058\" class=\"text\">\n\t\t\n<p>En devolver la altura vertical a los dientes, con coronas sobre implantes, logrando una notable mejora tanto est\u00e9tica como funcional.<br \/>\n\t\t\n<style>\n#text-3448720058 {\n  font-size: 1.1rem;\n}\n<\/style>\n\t<\/div>\n\t\n<\/div><\/div>\n<\/div>\n\t\t<\/div>\n\t\t\t\t\t<\/div>\n\n\t\n\n\t<div id=\"col-1900229247\" class=\"col medium-5 small-12 large-5\"  >\n\t\t\t\t<div class=\"col-inner\"  >\n\t\t\t\n\t\t\t\n\t<div id=\"text-3415701894\" class=\"text\">\n\t\t\n<h2>Contacta con nosotros<\/h2>\n\t\t\n<style>\n#text-3415701894 {\n  text-align: center;\n}\n<\/style>\n\t<\/div>\n\t\n\n<div id=\"cita\" style=\"padding: 20px;\">\n<div class=\"wpforms-container wpforms-container-full wpforms-render-modern\" id=\"wpforms-11631\"><form id=\"wpforms-form-11631\" class=\"wpforms-validate wpforms-form wpforms-ajax-form\" data-formid=\"11631\" method=\"post\" enctype=\"multipart\/form-data\" action=\"\/dental\/wp-json\/wp\/v2\/pages\/9484\" data-token=\"4af9242ae90b6d8991664ee96d99a929\" data-token-time=\"1777622558\"><noscript class=\"wpforms-error-noscript\">Por favor, activa JavaScript en tu navegador para completar este formulario.<\/noscript><div class=\"wpforms-hidden\" id=\"wpforms-error-noscript\">Por favor, activa JavaScript en tu navegador para completar este formulario.<\/div><div class=\"wpforms-field-container\"><div id=\"wpforms-11631-field_2-container\" class=\"wpforms-field wpforms-field-text\" data-field-id=\"2\"><label class=\"wpforms-field-label\" for=\"wpforms-11631-field_2\">Nombre <span class=\"wpforms-required-label\" aria-hidden=\"true\">*<\/span><\/label><input type=\"text\" id=\"wpforms-11631-field_2\" class=\"wpforms-field-large wpforms-field-required\" name=\"wpforms[fields][2]\" aria-errormessage=\"wpforms-11631-field_2-error\" required><\/div><div id=\"wpforms-11631-field_3-container\" class=\"wpforms-field wpforms-field-email\" data-field-id=\"3\"><label class=\"wpforms-field-label\" for=\"wpforms-11631-field_3\">Correo <span class=\"wpforms-required-label\" aria-hidden=\"true\">*<\/span><\/label><input type=\"email\" id=\"wpforms-11631-field_3\" class=\"wpforms-field-large wpforms-field-required\" name=\"wpforms[fields][3]\" spellcheck=\"false\" aria-errormessage=\"wpforms-11631-field_3-error\" required><\/div><div id=\"wpforms-11631-field_4-container\" class=\"wpforms-field wpforms-field-number\" data-field-id=\"4\"><label class=\"wpforms-field-label\" for=\"wpforms-11631-field_4\">N\u00ba de tel\u00e9fono <span class=\"wpforms-required-label\" aria-hidden=\"true\">*<\/span><\/label><input type=\"number\" id=\"wpforms-11631-field_4\" class=\"wpforms-field-large wpforms-field-required\" name=\"wpforms[fields][4]\" aria-errormessage=\"wpforms-11631-field_4-error\" required><\/div><div id=\"wpforms-11631-field_5-container\" class=\"wpforms-field wpforms-field-select wpforms-field-select-style-classic\" data-field-id=\"5\"><label class=\"wpforms-field-label\" for=\"wpforms-11631-field_5\">\u00bfEn qu\u00e9 podemos ayudarte? <span class=\"wpforms-required-label\" aria-hidden=\"true\">*<\/span><\/label><select id=\"wpforms-11631-field_5\" class=\"wpforms-field-large wpforms-field-required\" name=\"wpforms[fields][5]\" required=\"required\"><option value=\"IMPLANTOLOG\u00cdA\" >IMPLANTOLOG\u00cdA<\/option><option value=\"ORTODONCIA\" >ORTODONCIA<\/option><option value=\"EST\u00c9TICA DENTAL\" >EST\u00c9TICA DENTAL<\/option><option value=\"CIRUG\u00cdA MAXILOFACIAL\" >CIRUG\u00cdA MAXILOFACIAL<\/option><option value=\"REVISI\u00d3N\" >REVISI\u00d3N<\/option><\/select><\/div><div id=\"wpforms-11631-field_6-container\" class=\"wpforms-field wpforms-field-checkbox\" data-field-id=\"6\"><fieldset><legend class=\"wpforms-field-label wpforms-label-hide\" aria-hidden=\"false\">Casillas de verificaci\u00f3n <span class=\"wpforms-required-label\" aria-hidden=\"true\">*<\/span><\/legend><ul id=\"wpforms-11631-field_6\" class=\"wpforms-field-required\"><li class=\"choice-1 depth-1\"><input type=\"checkbox\" id=\"wpforms-11631-field_6_1\" name=\"wpforms[fields][6][]\" value=\"He le\u00eddo y acepto la &lt;a href=&quot;https:\/\/clinicacemeq.es\/dental\/politica-privacidad\/&quot; target=&quot;_blank&quot; rel=&quot;noopener&quot;&gt;Pol\u00edtica de Privacidad y Protecci\u00f3n de Datos&lt;\/a&gt;.\" aria-errormessage=\"wpforms-11631-field_6_1-error\" aria-describedby=\"wpforms-11631-field_6-description\" required ><label class=\"wpforms-field-label-inline\" for=\"wpforms-11631-field_6_1\">He le\u00eddo y acepto la <a href=\"https:\/\/clinicacemeq.es\/dental\/politica-privacidad\/\" target=\"_blank\" rel=\"noopener\">Pol\u00edtica de Privacidad y Protecci\u00f3n de Datos<\/a>. <span class=\"wpforms-required-label\">*<\/span><\/label><\/li><\/ul><div id=\"wpforms-11631-field_6-description\" class=\"wpforms-field-description wpforms-disclaimer-description\"><p style=\"font-size: 10px;\">CLINICA CEMEQ SOCIEDAD LIMITADA, en calidad de responsable del tratamiento, tratar\u00e1 los datos recogidos con la finalidad de gestionar su solicitud de descarga del ebook y gestionar el inter\u00e9s mostrado en los productos y servicios de CEMEQ, bas\u00e1ndose en el consentimiento que expresamente manifiesta al remitir el presente formulario. Estos datos no ser\u00e1n comunicados a terceros salvo obligaci\u00f3n legal ni ser\u00e1n objeto de transferencias internacionales de datos. Puede ejercer sus derechos de acceso, rectificaci\u00f3n, supresi\u00f3n, portabilidad, limitaci\u00f3n del tratamiento y oposici\u00f3n en el correo <a href=\"mailto:info@clinicacemeq.es\" rel=\"noopener\">info@clinicacemeq.es<\/a>, tal como se indica en la <a href=\"https:\/\/clinicacemeq.es\/dental\/politica-privacidad\/\" rel=\"noopener\" target=\"_blank\">Pol\u00edtica de Privacidad<\/a>, donde dispone de m\u00e1s informaci\u00f3n sobre el tratamiento.<\/p><\/div><\/fieldset><\/div><\/div><!-- .wpforms-field-container --><div class=\"wpforms-submit-container\" ><input type=\"hidden\" name=\"wpforms[id]\" value=\"11631\"><input type=\"hidden\" name=\"page_title\" value=\"\"><input type=\"hidden\" name=\"page_url\" value=\"https:\/\/clinicacemeq.es\/dental\/wp-json\/wp\/v2\/pages\/9484\"><button type=\"submit\" name=\"wpforms[submit]\" id=\"wpforms-submit-11631\" class=\"wpforms-submit\" data-alt-text=\"Enviando reserva...\" data-submit-text=\"Enviar\" aria-live=\"assertive\" value=\"wpforms-submit\">Enviar<\/button><img loading=\"lazy\" decoding=\"async\" src=\"https:\/\/clinicacemeq.es\/dental\/wp-content\/plugins\/wpforms-lite\/assets\/images\/submit-spin.svg\" class=\"wpforms-submit-spinner\" style=\"display: none;\" width=\"26\" height=\"26\" alt=\"Cargando\"><\/div><\/form><\/div>  <!-- .wpforms-container -->\n<\/div>\n\n\t\t<\/div>\n\t\t\t\t\t<\/div>\n\n\t\n<\/div>\n\t\t<\/div>\n\n\t\t\n<style>\n#section_781250791 {\n  padding-top: 30px;\n  padding-bottom: 30px;\n  background-color: rgb(247, 247, 247);\n}\n#section_781250791 .ux-shape-divider--top svg {\n  height: 150px;\n  --divider-top-width: 100%;\n}\n#section_781250791 .ux-shape-divider--bottom svg {\n  height: 150px;\n  --divider-width: 100%;\n}\n<\/style>\n\t<\/section>\n\t\n","protected":false},"excerpt":{"rendered":"","protected":false},"author":5,"featured_media":0,"parent":0,"menu_order":0,"comment_status":"closed","ping_status":"closed","template":"page-blank.php","meta":{"footnotes":""},"yoast_head":"<!-- This site is optimized with the Yoast SEO Premium plugin v18.3 (Yoast SEO v22.7) - https:\/\/yoast.com\/wordpress\/plugins\/seo\/ -->\n<title>Bruxismo &#8902; Cl\u00ednica Dental CEMEQ<\/title>\n<meta name=\"description\" content=\"En nuestra cl\u00ednica dental en Valencia contamos con los mejores tratamientos para tratar el bruxismo. Pide cita ya.\" \/>\n<meta name=\"robots\" content=\"index, follow, max-snippet:-1, max-image-preview:large, max-video-preview:-1\" \/>\n<link rel=\"canonical\" href=\"https:\/\/clinicacemeq.es\/dental\/bruxismo\/\" \/>\n<meta property=\"og:locale\" content=\"es_ES\" \/>\n<meta property=\"og:type\" content=\"article\" \/>\n<meta property=\"og:title\" content=\"Bruxismo\" \/>\n<meta property=\"og:description\" content=\"En nuestra cl\u00ednica dental en Valencia contamos con los mejores tratamientos para tratar el bruxismo. Pide cita ya.\" \/>\n<meta property=\"og:url\" content=\"https:\/\/clinicacemeq.es\/dental\/bruxismo\/\" \/>\n<meta property=\"og:site_name\" content=\"Cl\u00ednica Dental CEMEQ\" \/>\n<meta property=\"article:modified_time\" content=\"2024-06-03T11:58:01+00:00\" \/>\n<meta name=\"twitter:card\" content=\"summary_large_image\" \/>\n<meta name=\"twitter:label1\" content=\"Tiempo de lectura\" \/>\n\t<meta name=\"twitter:data1\" content=\"3 minutos\" \/>\n<script type=\"application\/ld+json\" class=\"yoast-schema-graph\">{\"@context\":\"https:\/\/schema.org\",\"@graph\":[{\"@type\":\"WebPage\",\"@id\":\"https:\/\/clinicacemeq.es\/dental\/bruxismo\/\",\"url\":\"https:\/\/clinicacemeq.es\/dental\/bruxismo\/\",\"name\":\"Bruxismo &#8902; Cl\u00ednica Dental CEMEQ\",\"isPartOf\":{\"@id\":\"https:\/\/clinicacemeq.es\/dental\/#website\"},\"datePublished\":\"2022-11-11T18:38:48+00:00\",\"dateModified\":\"2024-06-03T11:58:01+00:00\",\"description\":\"En nuestra cl\u00ednica dental en Valencia contamos con los mejores tratamientos para tratar el bruxismo. Pide cita ya.\",\"breadcrumb\":{\"@id\":\"https:\/\/clinicacemeq.es\/dental\/bruxismo\/#breadcrumb\"},\"inLanguage\":\"es\",\"potentialAction\":[{\"@type\":\"ReadAction\",\"target\":[\"https:\/\/clinicacemeq.es\/dental\/bruxismo\/\"]}]},{\"@type\":\"BreadcrumbList\",\"@id\":\"https:\/\/clinicacemeq.es\/dental\/bruxismo\/#breadcrumb\",\"itemListElement\":[{\"@type\":\"ListItem\",\"position\":1,\"name\":\"Portada\",\"item\":\"https:\/\/clinicacemeq.es\/dental\/\"},{\"@type\":\"ListItem\",\"position\":2,\"name\":\"Bruxismo\"}]},{\"@type\":\"WebSite\",\"@id\":\"https:\/\/clinicacemeq.es\/dental\/#website\",\"url\":\"https:\/\/clinicacemeq.es\/dental\/\",\"name\":\"Cl\u00ednica Dental CEMEQ\",\"description\":\"Cl\u00ednica Dental Valencia | Dentista Valencia\",\"publisher\":{\"@id\":\"https:\/\/clinicacemeq.es\/dental\/#organization\"},\"potentialAction\":[{\"@type\":\"SearchAction\",\"target\":{\"@type\":\"EntryPoint\",\"urlTemplate\":\"https:\/\/clinicacemeq.es\/dental\/?s={search_term_string}\"},\"query-input\":\"required name=search_term_string\"}],\"inLanguage\":\"es\"},{\"@type\":\"Organization\",\"@id\":\"https:\/\/clinicacemeq.es\/dental\/#organization\",\"name\":\"CEMEQ\",\"url\":\"https:\/\/clinicacemeq.es\/dental\/\",\"logo\":{\"@type\":\"ImageObject\",\"inLanguage\":\"es\",\"@id\":\"https:\/\/clinicacemeq.es\/dental\/#\/schema\/logo\/image\/\",\"url\":\"https:\/\/clinicacemeq.es\/dental\/wp-content\/uploads\/2021\/07\/LOGO-WEB-1024x631-1.jpeg\",\"contentUrl\":\"https:\/\/clinicacemeq.es\/dental\/wp-content\/uploads\/2021\/07\/LOGO-WEB-1024x631-1.jpeg\",\"width\":1024,\"height\":631,\"caption\":\"CEMEQ\"},\"image\":{\"@id\":\"https:\/\/clinicacemeq.es\/dental\/#\/schema\/logo\/image\/\"}}]}<\/script>\n<!-- \/ Yoast SEO Premium plugin. -->","yoast_head_json":{"title":"Bruxismo &#8902; Cl\u00ednica Dental CEMEQ","description":"En nuestra cl\u00ednica dental en Valencia contamos con los mejores tratamientos para tratar el bruxismo. Pide cita ya.","robots":{"index":"index","follow":"follow","max-snippet":"max-snippet:-1","max-image-preview":"max-image-preview:large","max-video-preview":"max-video-preview:-1"},"canonical":"https:\/\/clinicacemeq.es\/dental\/bruxismo\/","og_locale":"es_ES","og_type":"article","og_title":"Bruxismo","og_description":"En nuestra cl\u00ednica dental en Valencia contamos con los mejores tratamientos para tratar el bruxismo. Pide cita ya.","og_url":"https:\/\/clinicacemeq.es\/dental\/bruxismo\/","og_site_name":"Cl\u00ednica Dental CEMEQ","article_modified_time":"2024-06-03T11:58:01+00:00","twitter_card":"summary_large_image","twitter_misc":{"Tiempo de lectura":"3 minutos"},"schema":{"@context":"https:\/\/schema.org","@graph":[{"@type":"WebPage","@id":"https:\/\/clinicacemeq.es\/dental\/bruxismo\/","url":"https:\/\/clinicacemeq.es\/dental\/bruxismo\/","name":"Bruxismo &#8902; Cl\u00ednica Dental CEMEQ","isPartOf":{"@id":"https:\/\/clinicacemeq.es\/dental\/#website"},"datePublished":"2022-11-11T18:38:48+00:00","dateModified":"2024-06-03T11:58:01+00:00","description":"En nuestra cl\u00ednica dental en Valencia contamos con los mejores tratamientos para tratar el bruxismo. Pide cita ya.","breadcrumb":{"@id":"https:\/\/clinicacemeq.es\/dental\/bruxismo\/#breadcrumb"},"inLanguage":"es","potentialAction":[{"@type":"ReadAction","target":["https:\/\/clinicacemeq.es\/dental\/bruxismo\/"]}]},{"@type":"BreadcrumbList","@id":"https:\/\/clinicacemeq.es\/dental\/bruxismo\/#breadcrumb","itemListElement":[{"@type":"ListItem","position":1,"name":"Portada","item":"https:\/\/clinicacemeq.es\/dental\/"},{"@type":"ListItem","position":2,"name":"Bruxismo"}]},{"@type":"WebSite","@id":"https:\/\/clinicacemeq.es\/dental\/#website","url":"https:\/\/clinicacemeq.es\/dental\/","name":"Cl\u00ednica Dental CEMEQ","description":"Cl\u00ednica Dental Valencia | Dentista Valencia","publisher":{"@id":"https:\/\/clinicacemeq.es\/dental\/#organization"},"potentialAction":[{"@type":"SearchAction","target":{"@type":"EntryPoint","urlTemplate":"https:\/\/clinicacemeq.es\/dental\/?s={search_term_string}"},"query-input":"required name=search_term_string"}],"inLanguage":"es"},{"@type":"Organization","@id":"https:\/\/clinicacemeq.es\/dental\/#organization","name":"CEMEQ","url":"https:\/\/clinicacemeq.es\/dental\/","logo":{"@type":"ImageObject","inLanguage":"es","@id":"https:\/\/clinicacemeq.es\/dental\/#\/schema\/logo\/image\/","url":"https:\/\/clinicacemeq.es\/dental\/wp-content\/uploads\/2021\/07\/LOGO-WEB-1024x631-1.jpeg","contentUrl":"https:\/\/clinicacemeq.es\/dental\/wp-content\/uploads\/2021\/07\/LOGO-WEB-1024x631-1.jpeg","width":1024,"height":631,"caption":"CEMEQ"},"image":{"@id":"https:\/\/clinicacemeq.es\/dental\/#\/schema\/logo\/image\/"}}]}},"_links":{"self":[{"href":"https:\/\/clinicacemeq.es\/dental\/wp-json\/wp\/v2\/pages\/9484"}],"collection":[{"href":"https:\/\/clinicacemeq.es\/dental\/wp-json\/wp\/v2\/pages"}],"about":[{"href":"https:\/\/clinicacemeq.es\/dental\/wp-json\/wp\/v2\/types\/page"}],"author":[{"embeddable":true,"href":"https:\/\/clinicacemeq.es\/dental\/wp-json\/wp\/v2\/users\/5"}],"replies":[{"embeddable":true,"href":"https:\/\/clinicacemeq.es\/dental\/wp-json\/wp\/v2\/comments?post=9484"}],"version-history":[{"count":6,"href":"https:\/\/clinicacemeq.es\/dental\/wp-json\/wp\/v2\/pages\/9484\/revisions"}],"predecessor-version":[{"id":11738,"href":"https:\/\/clinicacemeq.es\/dental\/wp-json\/wp\/v2\/pages\/9484\/revisions\/11738"}],"wp:attachment":[{"href":"https:\/\/clinicacemeq.es\/dental\/wp-json\/wp\/v2\/media?parent=9484"}],"curies":[{"name":"wp","href":"https:\/\/api.w.org\/{rel}","templated":true}]}}