{"id":9254,"date":"2021-07-16T09:50:08","date_gmt":"2021-07-16T09:50:08","guid":{"rendered":"http:\/\/clinicacemeq.com.vitaminizado.com\/?page_id=1299"},"modified":"2024-05-08T20:52:30","modified_gmt":"2024-05-08T20:52:30","slug":"aseguradoras-2","status":"publish","type":"page","link":"https:\/\/clinicacemeq.es\/dental\/aseguradoras-2\/","title":{"rendered":"Seguros dentales &#8211; Seguros M\u00e9dicos"},"content":{"rendered":"\t<section class=\"section\" id=\"section_736242032\">\n\t\t<div class=\"bg section-bg fill bg-fill  bg-loaded\" >\n\n\t\t\t\n\t\t\t\n\t\t\t\n\n\t\t<\/div>\n\n\t\t\n\n\t\t<div class=\"section-content relative\">\n\t\t\t\n<div class=\"row\"  id=\"row-454673167\">\n\n\t<div id=\"col-378311223\" class=\"col small-12 large-12\"  >\n\t\t\t\t<div class=\"col-inner text-center\"  >\n\t\t\t\n\t\t\t\n<h1>Convenios aseguradoras<\/h1>\n<p>Trabajamos con diferentes aseguradoras para poder ofrecer nuestros servicios al mayor n\u00famero de pacientes posible. Seguro que encontrar\u00e1s la tuya, de no hacerlo, contacta con nuestra cl\u00ednica y te ayudaremos.<\/p>\n\t\t<\/div>\n\t\t\t\t\t<\/div>\n\n\t\n<\/div>\n<div class=\"slider-wrapper relative\" id=\"slider-129765553\" >\n    <div class=\"slider slider-nav-circle slider-nav-normal slider-nav-dark slider-style-normal slider-show-nav\"\n        data-flickity-options='{\n            \"cellAlign\": \"center\",\n            \"imagesLoaded\": true,\n            \"lazyLoad\": 1,\n            \"freeScroll\": false,\n            \"wrapAround\": true,\n            \"autoPlay\": 4500,\n            \"pauseAutoPlayOnHover\" : true,\n            \"prevNextButtons\": false,\n            \"contain\" : true,\n            \"adaptiveHeight\" : true,\n            \"dragThreshold\" : 10,\n            \"percentPosition\": true,\n            \"pageDots\": true,\n            \"rightToLeft\": false,\n            \"draggable\": true,\n            \"selectedAttraction\": 0.1,\n            \"parallax\" : 0,\n            \"friction\": 0.6        }'\n        >\n        \n<div class=\"row row-full-width align-equal align-center\"  id=\"row-1920489710\">\n\n\t<div id=\"col-1671568499\" class=\"col small-12 large-12\"  >\n\t\t\t\t<div class=\"col-inner text-center\"  >\n\t\t\t\n\t\t\t\n\n  \n    <div class=\"row large-columns-7 medium-columns-7 small-columns-3 row-small row-full-width\">\n  <div class=\"gallery-col col\" >\n          <div class=\"col-inner\">\n                        <div class=\"box has-hover gallery-box box-none\">\n              <div class=\"box-image\" >\n                <img loading=\"lazy\" decoding=\"async\" width=\"200\" height=\"120\" src=\"https:\/\/clinicacemeq.es\/dental\/wp-content\/uploads\/2021\/07\/32-2.jpg\" class=\"attachment-original size-original\" alt=\"logo Grupo Serviall\" ids=\"1249,1222,1218,1253,1248,1247,1228\" style=\"none\" lightbox=\"false\" width=\"full-width\" col_spacing=\"small\" columns=\"7\" columns__sm=\"3\" columns__md=\"7\" image_size=\"original\" \/>                                                              <\/div>\n              <div class=\"box-text text-left\" >\n                 <p><\/p>\n              <\/div>\n            <\/div>\n                      <\/div>\n         <\/div><div class=\"gallery-col col\" >\n          <div class=\"col-inner\">\n                        <div class=\"box has-hover gallery-box box-none\">\n              <div class=\"box-image\" >\n                <img loading=\"lazy\" decoding=\"async\" width=\"200\" height=\"120\" src=\"https:\/\/clinicacemeq.es\/dental\/wp-content\/uploads\/2021\/07\/5.jpg\" class=\"attachment-original size-original\" alt=\"logo Santaluc\u00eda Seguros\" ids=\"1249,1222,1218,1253,1248,1247,1228\" style=\"none\" lightbox=\"false\" width=\"full-width\" col_spacing=\"small\" columns=\"7\" columns__sm=\"3\" columns__md=\"7\" image_size=\"original\" \/>                                                              <\/div>\n              <div class=\"box-text text-left\" >\n                 <p><\/p>\n              <\/div>\n            <\/div>\n                      <\/div>\n         <\/div><div class=\"gallery-col col\" >\n          <div class=\"col-inner\">\n                        <div class=\"box has-hover gallery-box box-none\">\n              <div class=\"box-image\" >\n                <img loading=\"lazy\" decoding=\"async\" width=\"200\" height=\"120\" src=\"https:\/\/clinicacemeq.es\/dental\/wp-content\/uploads\/2021\/07\/1.jpg\" class=\"attachment-original size-original\" alt=\"logo Dentyred\" ids=\"1249,1222,1218,1253,1248,1247,1228\" style=\"none\" lightbox=\"false\" width=\"full-width\" col_spacing=\"small\" columns=\"7\" columns__sm=\"3\" columns__md=\"7\" image_size=\"original\" \/>                                                              <\/div>\n              <div class=\"box-text text-left\" >\n                 <p><\/p>\n              <\/div>\n            <\/div>\n                      <\/div>\n         <\/div><div class=\"gallery-col col\" >\n          <div class=\"col-inner\">\n                        <div class=\"box has-hover gallery-box box-none\">\n              <div class=\"box-image\" >\n                <img loading=\"lazy\" decoding=\"async\" width=\"200\" height=\"120\" src=\"https:\/\/clinicacemeq.es\/dental\/wp-content\/uploads\/2021\/07\/36-1.jpg\" class=\"attachment-original size-original\" alt=\"logo ADE\" ids=\"1249,1222,1218,1253,1248,1247,1228\" style=\"none\" lightbox=\"false\" width=\"full-width\" col_spacing=\"small\" columns=\"7\" columns__sm=\"3\" columns__md=\"7\" image_size=\"original\" \/>                                                              <\/div>\n              <div class=\"box-text text-left\" >\n                 <p><\/p>\n              <\/div>\n            <\/div>\n                      <\/div>\n         <\/div><div class=\"gallery-col col\" >\n          <div class=\"col-inner\">\n                        <div class=\"box has-hover gallery-box box-none\">\n              <div class=\"box-image\" >\n                <img loading=\"lazy\" decoding=\"async\" width=\"200\" height=\"120\" src=\"https:\/\/clinicacemeq.es\/dental\/wp-content\/uploads\/2021\/07\/31-2.jpg\" class=\"attachment-original size-original\" alt=\"logo Gira Dental\" ids=\"1249,1222,1218,1253,1248,1247,1228\" style=\"none\" lightbox=\"false\" width=\"full-width\" col_spacing=\"small\" columns=\"7\" columns__sm=\"3\" columns__md=\"7\" image_size=\"original\" \/>                                                              <\/div>\n              <div class=\"box-text text-left\" >\n                 <p><\/p>\n              <\/div>\n            <\/div>\n                      <\/div>\n         <\/div><div class=\"gallery-col col\" >\n          <div class=\"col-inner\">\n                        <div class=\"box has-hover gallery-box box-none\">\n              <div class=\"box-image\" >\n                <img loading=\"lazy\" decoding=\"async\" width=\"200\" height=\"120\" src=\"https:\/\/clinicacemeq.es\/dental\/wp-content\/uploads\/2021\/07\/30-1.jpg\" class=\"attachment-original size-original\" alt=\"logo ofter salud\" ids=\"1249,1222,1218,1253,1248,1247,1228\" style=\"none\" lightbox=\"false\" width=\"full-width\" col_spacing=\"small\" columns=\"7\" columns__sm=\"3\" columns__md=\"7\" image_size=\"original\" \/>                                                              <\/div>\n              <div class=\"box-text text-left\" >\n                 <p><\/p>\n              <\/div>\n            <\/div>\n                      <\/div>\n         <\/div><div class=\"gallery-col col\" >\n          <div class=\"col-inner\">\n                        <div class=\"box has-hover gallery-box box-none\">\n              <div class=\"box-image\" >\n                <img loading=\"lazy\" decoding=\"async\" width=\"200\" height=\"120\" src=\"https:\/\/clinicacemeq.es\/dental\/wp-content\/uploads\/2021\/07\/11.jpg\" class=\"attachment-original size-original\" alt=\"logo caser seguros\" ids=\"1249,1222,1218,1253,1248,1247,1228\" style=\"none\" lightbox=\"false\" width=\"full-width\" col_spacing=\"small\" columns=\"7\" columns__sm=\"3\" columns__md=\"7\" image_size=\"original\" \/>                                                              <\/div>\n              <div class=\"box-text text-left\" >\n                 <p><\/p>\n              <\/div>\n            <\/div>\n                      <\/div>\n         <\/div><\/div>\n\t<div id=\"gap-1961038395\" class=\"gap-element clearfix\" style=\"display:block; height:auto;\">\n\t\t\n<style>\n#gap-1961038395 {\n  padding-top: 30px;\n}\n<\/style>\n\t<\/div>\n\t\n\t\t<\/div>\n\t\t\t\t\t<\/div>\n\n\t\n<\/div>\n<div class=\"row row-full-width align-equal align-center\"  id=\"row-1983682204\">\n\n\t<div id=\"col-799579242\" class=\"col small-12 large-12\"  >\n\t\t\t\t<div class=\"col-inner text-center\"  >\n\t\t\t\n\t\t\t\n\n  \n    <div class=\"row large-columns-7 medium-columns-7 small-columns-3 row-small row-full-width\">\n  <div class=\"gallery-col col\" >\n          <div class=\"col-inner\">\n                        <div class=\"box has-hover gallery-box box-none\">\n              <div class=\"box-image\" >\n                <img loading=\"lazy\" decoding=\"async\" width=\"200\" height=\"120\" src=\"https:\/\/clinicacemeq.es\/dental\/wp-content\/uploads\/2021\/07\/65.jpg\" class=\"attachment-original size-original\" alt=\"logo avantsalud\" ids=\"1282,1281,1280,1279,1276,1274,1275\" style=\"none\" lightbox=\"false\" width=\"full-width\" col_spacing=\"small\" columns=\"7\" columns__sm=\"3\" columns__md=\"7\" image_size=\"original\" \/>                                                              <\/div>\n              <div class=\"box-text text-left\" >\n                 <p><\/p>\n              <\/div>\n            <\/div>\n                      <\/div>\n         <\/div><div class=\"gallery-col col\" >\n          <div class=\"col-inner\">\n                        <div class=\"box has-hover gallery-box box-none\">\n              <div class=\"box-image\" >\n                <img loading=\"lazy\" decoding=\"async\" width=\"200\" height=\"120\" src=\"https:\/\/clinicacemeq.es\/dental\/wp-content\/uploads\/2021\/07\/64.jpg\" class=\"attachment-original size-original\" alt=\"logo groupe ima\" ids=\"1282,1281,1280,1279,1276,1274,1275\" style=\"none\" lightbox=\"false\" width=\"full-width\" col_spacing=\"small\" columns=\"7\" columns__sm=\"3\" columns__md=\"7\" image_size=\"original\" \/>                                                              <\/div>\n              <div class=\"box-text text-left\" >\n                 <p><\/p>\n              <\/div>\n            <\/div>\n                      <\/div>\n         <\/div><div class=\"gallery-col col\" >\n          <div class=\"col-inner\">\n                        <div class=\"box has-hover gallery-box box-none\">\n              <div class=\"box-image\" >\n                <img loading=\"lazy\" decoding=\"async\" width=\"200\" height=\"120\" src=\"https:\/\/clinicacemeq.es\/dental\/wp-content\/uploads\/2021\/07\/63.jpg\" class=\"attachment-original size-original\" alt=\"logo union madrile\u00f1a de seguros\" ids=\"1282,1281,1280,1279,1276,1274,1275\" style=\"none\" lightbox=\"false\" width=\"full-width\" col_spacing=\"small\" columns=\"7\" columns__sm=\"3\" columns__md=\"7\" image_size=\"original\" \/>                                                              <\/div>\n              <div class=\"box-text text-left\" >\n                 <p><\/p>\n              <\/div>\n            <\/div>\n                      <\/div>\n         <\/div><div class=\"gallery-col col\" >\n          <div class=\"col-inner\">\n                        <div class=\"box has-hover gallery-box box-none\">\n              <div class=\"box-image\" >\n                <img loading=\"lazy\" decoding=\"async\" width=\"200\" height=\"120\" src=\"https:\/\/clinicacemeq.es\/dental\/wp-content\/uploads\/2021\/07\/62.jpg\" class=\"attachment-original size-original\" alt=\"logo smart dental\" ids=\"1282,1281,1280,1279,1276,1274,1275\" style=\"none\" lightbox=\"false\" width=\"full-width\" col_spacing=\"small\" columns=\"7\" columns__sm=\"3\" columns__md=\"7\" image_size=\"original\" \/>                                                              <\/div>\n              <div class=\"box-text text-left\" >\n                 <p><\/p>\n              <\/div>\n            <\/div>\n                      <\/div>\n         <\/div><div class=\"gallery-col col\" >\n          <div class=\"col-inner\">\n                        <div class=\"box has-hover gallery-box box-none\">\n              <div class=\"box-image\" >\n                <img loading=\"lazy\" decoding=\"async\" width=\"200\" height=\"120\" src=\"https:\/\/clinicacemeq.es\/dental\/wp-content\/uploads\/2021\/07\/59.jpg\" class=\"attachment-original size-original\" alt=\"ocaso\" ids=\"1282,1281,1280,1279,1276,1274,1275\" style=\"none\" lightbox=\"false\" width=\"full-width\" col_spacing=\"small\" columns=\"7\" columns__sm=\"3\" columns__md=\"7\" image_size=\"original\" \/>                                                              <\/div>\n              <div class=\"box-text text-left\" >\n                 <p><\/p>\n              <\/div>\n            <\/div>\n                      <\/div>\n         <\/div><div class=\"gallery-col col\" >\n          <div class=\"col-inner\">\n                        <div class=\"box has-hover gallery-box box-none\">\n              <div class=\"box-image\" >\n                <img loading=\"lazy\" decoding=\"async\" width=\"200\" height=\"120\" src=\"https:\/\/clinicacemeq.es\/dental\/wp-content\/uploads\/2021\/07\/57.jpg\" class=\"attachment-original size-original\" alt=\"logo\" ids=\"1282,1281,1280,1279,1276,1274,1275\" style=\"none\" lightbox=\"false\" width=\"full-width\" col_spacing=\"small\" columns=\"7\" columns__sm=\"3\" columns__md=\"7\" image_size=\"original\" \/>                                                              <\/div>\n              <div class=\"box-text text-left\" >\n                 <p><\/p>\n              <\/div>\n            <\/div>\n                      <\/div>\n         <\/div><div class=\"gallery-col col\" >\n          <div class=\"col-inner\">\n                        <div class=\"box has-hover gallery-box box-none\">\n              <div class=\"box-image\" >\n                <img loading=\"lazy\" decoding=\"async\" width=\"200\" height=\"120\" src=\"https:\/\/clinicacemeq.es\/dental\/wp-content\/uploads\/2021\/07\/58.jpg\" class=\"attachment-original size-original\" alt=\"logo\" ids=\"1282,1281,1280,1279,1276,1274,1275\" style=\"none\" lightbox=\"false\" width=\"full-width\" col_spacing=\"small\" columns=\"7\" columns__sm=\"3\" columns__md=\"7\" image_size=\"original\" \/>                                                              <\/div>\n              <div class=\"box-text text-left\" >\n                 <p><\/p>\n              <\/div>\n            <\/div>\n                      <\/div>\n         <\/div><\/div>\n\t<div id=\"gap-2043057461\" class=\"gap-element clearfix\" style=\"display:block; height:auto;\">\n\t\t\n<style>\n#gap-2043057461 {\n  padding-top: 30px;\n}\n<\/style>\n\t<\/div>\n\t\n\t\t<\/div>\n\t\t\t\t\t<\/div>\n\n\t\n<\/div>\n     <\/div>\n\n     <div class=\"loading-spin dark large centered\"><\/div>\n\n     \t<\/div>\n\n\n\t\t<\/div>\n\n\t\t\n<style>\n#section_736242032 {\n  padding-top: 60px;\n  padding-bottom: 60px;\n  background-color: rgb(255,255,255);\n}\n#section_736242032 .ux-shape-divider--top svg {\n  height: 150px;\n  --divider-top-width: 100%;\n}\n#section_736242032 .ux-shape-divider--bottom svg {\n  height: 150px;\n  --divider-width: 100%;\n}\n<\/style>\n\t<\/section>\n\t\n","protected":false},"excerpt":{"rendered":"","protected":false},"author":5,"featured_media":0,"parent":0,"menu_order":0,"comment_status":"closed","ping_status":"closed","template":"","meta":{"footnotes":""},"yoast_head":"<!-- This site is optimized with the Yoast SEO Premium plugin v18.3 (Yoast SEO v22.7) - https:\/\/yoast.com\/wordpress\/plugins\/seo\/ -->\n<title>Seguros dentales - Seguros M\u00e9dicos &#8902; Cl\u00ednica Dental CEMEQ<\/title>\n<meta name=\"description\" content=\"Busca dentista en Valencia que acepte seguros? En Cl\u00ednica Cemeq trabajamos con diversos proveedores. \u00a1Llama y agenda tu cita hoy!\" \/>\n<meta name=\"robots\" content=\"index, follow, max-snippet:-1, max-image-preview:large, max-video-preview:-1\" \/>\n<link rel=\"canonical\" href=\"https:\/\/clinicacemeq.es\/dental\/aseguradoras-2\/\" \/>\n<meta property=\"og:locale\" content=\"es_ES\" \/>\n<meta property=\"og:type\" content=\"article\" \/>\n<meta property=\"og:title\" content=\"Seguros dentales - Seguros M\u00e9dicos\" \/>\n<meta property=\"og:description\" content=\"Busca dentista en Valencia que acepte seguros? En Cl\u00ednica Cemeq trabajamos con diversos proveedores. \u00a1Llama y agenda tu cita hoy!\" \/>\n<meta property=\"og:url\" content=\"https:\/\/clinicacemeq.es\/dental\/aseguradoras-2\/\" \/>\n<meta property=\"og:site_name\" content=\"Cl\u00ednica Dental CEMEQ\" \/>\n<meta property=\"article:modified_time\" content=\"2024-05-08T20:52:30+00:00\" \/>\n<meta name=\"twitter:card\" content=\"summary_large_image\" \/>\n<meta name=\"twitter:label1\" content=\"Tiempo de lectura\" \/>\n\t<meta name=\"twitter:data1\" content=\"1 minuto\" \/>\n<script type=\"application\/ld+json\" class=\"yoast-schema-graph\">{\"@context\":\"https:\/\/schema.org\",\"@graph\":[{\"@type\":\"WebPage\",\"@id\":\"https:\/\/clinicacemeq.es\/dental\/aseguradoras-2\/\",\"url\":\"https:\/\/clinicacemeq.es\/dental\/aseguradoras-2\/\",\"name\":\"Seguros dentales - Seguros M\u00e9dicos &#8902; Cl\u00ednica Dental CEMEQ\",\"isPartOf\":{\"@id\":\"https:\/\/clinicacemeq.es\/dental\/#website\"},\"datePublished\":\"2021-07-16T09:50:08+00:00\",\"dateModified\":\"2024-05-08T20:52:30+00:00\",\"description\":\"Busca dentista en Valencia que acepte seguros? En Cl\u00ednica Cemeq trabajamos con diversos proveedores. \u00a1Llama y agenda tu cita hoy!\",\"breadcrumb\":{\"@id\":\"https:\/\/clinicacemeq.es\/dental\/aseguradoras-2\/#breadcrumb\"},\"inLanguage\":\"es\",\"potentialAction\":[{\"@type\":\"ReadAction\",\"target\":[\"https:\/\/clinicacemeq.es\/dental\/aseguradoras-2\/\"]}]},{\"@type\":\"BreadcrumbList\",\"@id\":\"https:\/\/clinicacemeq.es\/dental\/aseguradoras-2\/#breadcrumb\",\"itemListElement\":[{\"@type\":\"ListItem\",\"position\":1,\"name\":\"Portada\",\"item\":\"https:\/\/clinicacemeq.es\/dental\/\"},{\"@type\":\"ListItem\",\"position\":2,\"name\":\"Seguros dentales &#8211; Seguros M\u00e9dicos\"}]},{\"@type\":\"WebSite\",\"@id\":\"https:\/\/clinicacemeq.es\/dental\/#website\",\"url\":\"https:\/\/clinicacemeq.es\/dental\/\",\"name\":\"Cl\u00ednica Dental CEMEQ\",\"description\":\"Cl\u00ednica Dental Valencia | Dentista Valencia\",\"publisher\":{\"@id\":\"https:\/\/clinicacemeq.es\/dental\/#organization\"},\"potentialAction\":[{\"@type\":\"SearchAction\",\"target\":{\"@type\":\"EntryPoint\",\"urlTemplate\":\"https:\/\/clinicacemeq.es\/dental\/?s={search_term_string}\"},\"query-input\":\"required name=search_term_string\"}],\"inLanguage\":\"es\"},{\"@type\":\"Organization\",\"@id\":\"https:\/\/clinicacemeq.es\/dental\/#organization\",\"name\":\"CEMEQ\",\"url\":\"https:\/\/clinicacemeq.es\/dental\/\",\"logo\":{\"@type\":\"ImageObject\",\"inLanguage\":\"es\",\"@id\":\"https:\/\/clinicacemeq.es\/dental\/#\/schema\/logo\/image\/\",\"url\":\"https:\/\/clinicacemeq.es\/dental\/wp-content\/uploads\/2021\/07\/LOGO-WEB-1024x631-1.jpeg\",\"contentUrl\":\"https:\/\/clinicacemeq.es\/dental\/wp-content\/uploads\/2021\/07\/LOGO-WEB-1024x631-1.jpeg\",\"width\":1024,\"height\":631,\"caption\":\"CEMEQ\"},\"image\":{\"@id\":\"https:\/\/clinicacemeq.es\/dental\/#\/schema\/logo\/image\/\"}}]}<\/script>\n<!-- \/ Yoast SEO Premium plugin. -->","yoast_head_json":{"title":"Seguros dentales - Seguros M\u00e9dicos &#8902; Cl\u00ednica Dental CEMEQ","description":"Busca dentista en Valencia que acepte seguros? En Cl\u00ednica Cemeq trabajamos con diversos proveedores. \u00a1Llama y agenda tu cita hoy!","robots":{"index":"index","follow":"follow","max-snippet":"max-snippet:-1","max-image-preview":"max-image-preview:large","max-video-preview":"max-video-preview:-1"},"canonical":"https:\/\/clinicacemeq.es\/dental\/aseguradoras-2\/","og_locale":"es_ES","og_type":"article","og_title":"Seguros dentales - Seguros M\u00e9dicos","og_description":"Busca dentista en Valencia que acepte seguros? En Cl\u00ednica Cemeq trabajamos con diversos proveedores. \u00a1Llama y agenda tu cita hoy!","og_url":"https:\/\/clinicacemeq.es\/dental\/aseguradoras-2\/","og_site_name":"Cl\u00ednica Dental CEMEQ","article_modified_time":"2024-05-08T20:52:30+00:00","twitter_card":"summary_large_image","twitter_misc":{"Tiempo de lectura":"1 minuto"},"schema":{"@context":"https:\/\/schema.org","@graph":[{"@type":"WebPage","@id":"https:\/\/clinicacemeq.es\/dental\/aseguradoras-2\/","url":"https:\/\/clinicacemeq.es\/dental\/aseguradoras-2\/","name":"Seguros dentales - Seguros M\u00e9dicos &#8902; Cl\u00ednica Dental CEMEQ","isPartOf":{"@id":"https:\/\/clinicacemeq.es\/dental\/#website"},"datePublished":"2021-07-16T09:50:08+00:00","dateModified":"2024-05-08T20:52:30+00:00","description":"Busca dentista en Valencia que acepte seguros? En Cl\u00ednica Cemeq trabajamos con diversos proveedores. \u00a1Llama y agenda tu cita hoy!","breadcrumb":{"@id":"https:\/\/clinicacemeq.es\/dental\/aseguradoras-2\/#breadcrumb"},"inLanguage":"es","potentialAction":[{"@type":"ReadAction","target":["https:\/\/clinicacemeq.es\/dental\/aseguradoras-2\/"]}]},{"@type":"BreadcrumbList","@id":"https:\/\/clinicacemeq.es\/dental\/aseguradoras-2\/#breadcrumb","itemListElement":[{"@type":"ListItem","position":1,"name":"Portada","item":"https:\/\/clinicacemeq.es\/dental\/"},{"@type":"ListItem","position":2,"name":"Seguros dentales &#8211; Seguros M\u00e9dicos"}]},{"@type":"WebSite","@id":"https:\/\/clinicacemeq.es\/dental\/#website","url":"https:\/\/clinicacemeq.es\/dental\/","name":"Cl\u00ednica Dental CEMEQ","description":"Cl\u00ednica Dental Valencia | Dentista Valencia","publisher":{"@id":"https:\/\/clinicacemeq.es\/dental\/#organization"},"potentialAction":[{"@type":"SearchAction","target":{"@type":"EntryPoint","urlTemplate":"https:\/\/clinicacemeq.es\/dental\/?s={search_term_string}"},"query-input":"required name=search_term_string"}],"inLanguage":"es"},{"@type":"Organization","@id":"https:\/\/clinicacemeq.es\/dental\/#organization","name":"CEMEQ","url":"https:\/\/clinicacemeq.es\/dental\/","logo":{"@type":"ImageObject","inLanguage":"es","@id":"https:\/\/clinicacemeq.es\/dental\/#\/schema\/logo\/image\/","url":"https:\/\/clinicacemeq.es\/dental\/wp-content\/uploads\/2021\/07\/LOGO-WEB-1024x631-1.jpeg","contentUrl":"https:\/\/clinicacemeq.es\/dental\/wp-content\/uploads\/2021\/07\/LOGO-WEB-1024x631-1.jpeg","width":1024,"height":631,"caption":"CEMEQ"},"image":{"@id":"https:\/\/clinicacemeq.es\/dental\/#\/schema\/logo\/image\/"}}]}},"_links":{"self":[{"href":"https:\/\/clinicacemeq.es\/dental\/wp-json\/wp\/v2\/pages\/9254"}],"collection":[{"href":"https:\/\/clinicacemeq.es\/dental\/wp-json\/wp\/v2\/pages"}],"about":[{"href":"https:\/\/clinicacemeq.es\/dental\/wp-json\/wp\/v2\/types\/page"}],"author":[{"embeddable":true,"href":"https:\/\/clinicacemeq.es\/dental\/wp-json\/wp\/v2\/users\/5"}],"replies":[{"embeddable":true,"href":"https:\/\/clinicacemeq.es\/dental\/wp-json\/wp\/v2\/comments?post=9254"}],"version-history":[{"count":2,"href":"https:\/\/clinicacemeq.es\/dental\/wp-json\/wp\/v2\/pages\/9254\/revisions"}],"predecessor-version":[{"id":11686,"href":"https:\/\/clinicacemeq.es\/dental\/wp-json\/wp\/v2\/pages\/9254\/revisions\/11686"}],"wp:attachment":[{"href":"https:\/\/clinicacemeq.es\/dental\/wp-json\/wp\/v2\/media?parent=9254"}],"curies":[{"name":"wp","href":"https:\/\/api.w.org\/{rel}","templated":true}]}}